(j) = -68*j + 1698. Give f(25).
-2
Let h(v) = -229*v - 9. Calculate h(0).
-9
Let g(a) = -2*a**3 + 8*a**2 + 6*a - 20. What is g(4)?
4
Let x(z) = -39*z**2 + 209*z - 8. Give x(5).
62
Let m(x) = 23*x - 2. Determine m(0).
-2
Let j(b) = -3*b**2 - 298*b - 149. Give j(-99).
-50
Let s(z) = 4*z**2 + 10*z - 43. What is s(-7)?
83
Let w(b) = 1174*b + 92743. Calculate w(-79).
-3
Let j(l) = -l**3 - 13*l**2 + 64*l - 29. What is j(-15)?
-539
Let p(c) = -10*c - 13. What is p(4)?
-53
Let r(j) = -69*j + 7943. What is r(115)?
8
Let h(i) = -10*i**2 - 430*i + 21. Give h(-43).
21
Let o(j) = -5*j**2 - 4*j + 175. What is o(-8)?
-113
Let q(p) = p**3 - 3*p**2 - 10*p - 11. What is q(5)?
-11
Let s(y) = 2*y**3 + 51*y**2 - 334*y + 229. Calculate s(-31).
12
Let x(c) = c**2 - 22*c - 1786. Give x(55).
29
Let y(q) = q**3 + 23*q**2 - 25*q - 43. Give y(-24).
-19
Let l(i) = -i**3 - 166*i**2 - 289*i + 6402. Calculate l(-164).
6
Let i(c) = c**3 - 18*c**2 - 137*c + 1953. Give i(20).
13
Let x(d) = 48*d + 951. Calculate x(-21).
-57
Let g(w) = -w**2 + 177*w - 994. What is g(6)?
32
Let u(c) = -c**2 + 247*c + 990. Give u(251).
-14
Let g(k) = 3*k**2 + 80*k + 550. Give g(-11).
33
Let u(t) = -t**2 + 37*t + 1822. Determine u(65).
2
Let b(o) = -o**3 + 72*o**2 - 1211*o - 103. Calculate b(27).
5
Let i(y) = -3*y**3 + 109*y**2 - 163*y + 810. What is i(35)?
5
Let w(g) = -g**2 - 19*g + 39. Calculate w(-21).
-3
Let g(k) = -17*k + 21. Calculate g(4).
-47
Let g(d) = -12*d + 3. Determine g(0).
3
Let m(w) = -502*w + 9977. Determine m(20).
-63
Let x(o) = 3*o**2 + 19*o - 810. Determine x(21).
912
Let c(s) = 1884*s - 28249. Give c(15).
11
Let k(t) = t**3 - 23*t**2 - 17*t + 29. Give k(24).
197
Let s(d) = -4*d**3 + 46*d**2 - 21*d + 66. What is s(11)?
77
Let s(m) = -9*m**3 - 173*m**2 + 154*m + 3642. What is s(-19)?
-6
Let p(y) = -4*y**2 + 12*y - 13. Determine p(3).
-13
Let d(b) = -4*b**3 - 5*b**2 + 15*b + 29. Determine d(-2).
11
Let u(b) = -1017*b - 9232. Determine u(-9).
-79
Let b(t) = t**3 + 17*t**2 + 25*t + 144. Determine b(-16).
0
Let k(r) = 2*r**3 - 143*r**2 + 69*r + 157. Calculate k(71).
15
Let r(q) = 393*q + 6277. Determine r(-16).
-11
Let w(o) = 2*o**2 + 128*o - 297. Give w(-53).
-1463
Let s(f) = -f**2 + 2905*f + 147755. What is s(-50)?
5
Let u(f) = -3304*f + 3315. Calculate u(1).
11
Let t(x) = -x**3 - 3*x**2 + 4*x + 3. Determine t(4).
-93
Let o(s) = -41*s + 183. What is o(5)?
-22
Let p(m) = m**3 + 37*m**2 + 69*m - 20. What is p(-35)?
15
Let x(n) = -n**2 - 16*n + 1909. What is x(35)?
124
Let s(p) = 2*p**3 + 5*p**2 - 15*p + 4. Calculate s(4).
152
Let c(o) = 5329*o - 47955. Determine c(9).
6
Let h(m) = -m**3 - 2*m**2 - 5. Give h(2).
-21
Let q(s) = -6*s**2 + 288*s + 237. Calculate q(49).
-57
Let w(i) = -i**3 + 51*i**2 - 99*i + 119. Give w(49).
70
Let z(q) = -4*q**2 - 32*q + 130. Give z(-11).
-2
Let z(p) = -p**3 - 79*p**2 + 119*p + 3115. Give z(-80).
-5
Let w(v) = -v**2 + 22*v + 48. Calculate w(21).
69
Let m(o) = -7*o + 591. Give m(68).
115
Let g(s) = -24*s + 652. Determine g(28).
-20
Let z(m) = -m**3 - 25*m**2 - 138*m - 43. Calculate z(-8).
-27
Let y(g) = -g**2 - 35*g + 254. Determine y(6).
8
Let o(g) = 13*g**3 - 598*g**2 + 25*g - 1147. Calculate o(46).
3
Let s(t) = 213*t + 32384. Determine s(-152).
8
Let y(t) = -17*t + 353. Calculate y(22).
-21
Let y(t) = 444*t**2 - 888*t + 4. Give y(2).
4
Let h(z) = -z**3 + 15*z**2 - 4*z - 8. Give h(14).
132
Let t(x) = -x**2 - 22*x + 1973. Determine t(-57).
-22
Let s(p) = 3*p**2 - 4*p + 20. Determine s(6).
104
Let j(u) = -u**3 + 52*u**2 - 102*u + 99. What is j(50)?
-1
Let v(z) = z**3 + z**2 + 4*z - 23. Determine v(4).
73
Let p(g) = -73*g - 829. Give p(-12).
47
Let h(u) = -u**3 - 1380*u + 8. What is h(0)?
8
Let m(z) = 70*z + 25. Give m(0).
25
Let u(g) = g**3 + 16*g**2 + 56*g + 6. What is u(-9)?
69
Let b(x) = -4*x + 78. Calculate b(7).
50
Let w(s) = -5*s**2 - 124*s - 151. Determine w(-24).
-55
Let b(p) = p**3 + 19*p**2 + 63*p - 38. Give b(-14).
60
Let o(z) = -10*z**2 - 20*z - 26. Give o(-1).
-16
Let t(y) = -y**3 + 474*y**2 - 2345*y - 6. Give t(5).
-6
Let g(v) = -134*v + 866. Determine g(3).
464
Let f(j) = -2*j**3 - 43*j**2 - 166*j - 32. Calculate f(-16).
-192
Let x(u) = u**3 - 23*u**2 - 51*u - 96. Calculate x(25).
-121
Let m(a) = -2*a**3 - 23*a**2 + 49*a + 129. What is m(-13)?
-1
Let k(x) = -x**3 + 53*x**2 - 4*x + 262. Calculate k(53).
50
Let l(u) = -u**3 - 7*u**2 + 19*u + 89. What is l(-3)?
-4
Let s(l) = -l**3 + l**2 + 40*l + 7. Determine s(-5).
-43
Let t(s) = -18*s - 1026. Give t(-65).
144
Let o(s) = s**3 - 16*s**2 + 28*s - 8. Determine o(15).
187
Let o(x) = -2612*x + 2619. Determine o(1).
7
Let j(d) = d**2 - 33*d - 279. Give j(-7).
1
Let y(n) = -2*n**3 + 11*n**2 - 14*n + 47. Give y(5).
2
Let a(g) = 7*g + 1128. Give a(-57).
729
Let c(r) = 143*r**2 + 1864*r + 65. Determine c(-13).
0
Let c(d) = d**2 - 17*d + 78. Give c(8).
6
Let a(b) = -b**2 + 445*b + 16796. What is a(-35)?
-4
Let t(w) = 2*w**2 - 263*w + 5469. Give t(26).
-17
Let w(g) = 12*g - 44. Give w(3).
-8
Let w(x) = -6*x**2 - 135*x - 2. Give w(-22).
64
Let k(g) = -2*g**3 + g**2 - 9*g + 200. Determine k(0).
200
Let x(h) = 32*h + 245. What is x(-23)?
-491
Let s(w) = 2*w**2 - 6*w - 136. Give s(10).
4
Let m(v) = 14*v**3 - 3*v**2 + v + 2. Determine m(2).
104
Let c(l) = l**2 - 37*l + 274. Calculate c(21).
-62
Let l(y) = y**3 + 33*y**2 + 110*y - 126. What is l(-29)?
48
Let p(v) = 3*v**2 - 2*v + 37. Calculate p(11).
378
Let g(j) = -j**3 - 15*j**2 + 25*j + 375. Give g(-15).
0
Let z(o) = 2*o**2 - 87*o + 307. What is z(43)?
264
Let d(y) = 28*y**3 - 5*y**2 + 3. Calculate d(-2).
-241
Let j(o) = 11*o + 43. Give j(-31).
-298
Let l(f) = 24*f**3 + 6*f**2 + 7*f - 8. What is l(-2)?
-190
Let x(y) = 162*y + 317. Calculate x(0).
317
Let w(x) = 29*x + 121. Calculate w(-4).
5
Let v(w) = 391*w + 3154. Give v(-9).
-365
Let b(q) = -q**2 - 7*q + 773. Determine b(26).
-85
Let q(b) = -2*b**3 - 49*b**2 - 13*b + 274. Calculate q(-24).
10
Let j(t) = -9*t + 38. Give j(24).
-178
Let w(m) = -2*m**3 - 13*m**2 + 2*m - 29. Give w(-7).
6
Let u(o) = -o**3 + 14*o**2 - 46*o + 69. Calculate u(10).
9
Let i(j) = 18*j**2 - 115*j + 170. Determine i(4).
-2
Let a(t) = 64*t - 513. Calculate a(9).
63
Let q(g) = -5*g**2 - 252*g - 124. Determine q(-50).
-24
Let m(k) = -787*k + 4622. What is m(6)?
-100
Let q(u) = 9*u**2 - 4*u - 4. Determine q(-1).
9
Let b(j) = 2*j**2 - 105*j + 51. Determine b(53).
104
Let j(s) = -1337*s + 2682. Calculate j(2).
8
Let o(i) = -i**3 + 18*i**2 - 67*i + 60. Give o(14).
-94
Let x(b) = 2*b**3 + 4*b**2 - 51*b + 17. Give x(5).
112
Let t(x) = x**2 - 5*x - 19. What is t(-8)?
85
Let y(f) = 19*f + 1274. Give y(-66).
20
Let c(p) = -2*p**2 + 21*p + 1. Calculate c(6).
55
Let b(n) = 2*n**3 - 59*n**2 + 29*n + 3. Calculate b(29).
3
Let k(g) = 204*g + 391. Give k(0).
391
Let f(u) = -34*u**3 + 171*u**2 + 2*u - 38. Determine f(5).
-3
Let j(l) = l**2 + 26*l + 76. Determine j(-24).
28
Let o(s) = -1364*s + 4092. Give o(3).
0
Let r(p) = -p**3 - 11*p**2 - 6*p + 71. What is r(-8)?
-73
Let r(a) = -3*a**2 + a + 35. What is r(-5)?
-45
Let y(n) = 55*n**3 + 21*n**2 - 4*n - 24. Calculate y(-1).
-54
Let l(f) = -23*f**2 + 49*f - 162. What is l(3)?
-222
Let j(g) = -274*g - 7943. Determine j(-29).
3
Let d(i) = -i**3 - 5*i**2 + 55*i + 45. Determine d(-10).
-5
Let v(m) = 22*m**3 + 6*m**2 - 31*m + 9. What is v(3)?
564
Let n(j) = -35*j + 445. Give n(13).
-10
Let t(r) = r**2 + 53*r + 259. Give t(-43).
-171
Let n(r) = 116*r - 1516. Give n(11).
-240
Let c(p) = -22*p**2 + 49*p + 12. Determine c(5).
-293
Let o(s) = -7*s**2 - 2065*s - 4102. Calculate o(-293).
0
Let w(y) = 2*y**2 - 428*y + 10416. Determine w(28).
0
Let z(p) = 22*p + 31. Give z(-5).
-79
Let i(q) = -27*q**2 - 546*q + 453. What is i(-21)?
12
Let g(b) = b**2 + 66*b - 785. Give g(-76).
-25
Let p(d) = -d**3 + 3*d**2 + 9*d + 1. What is p(-4)?
77
Let r(c) = c**3 - 11*c**2 + 32*c - 31. Calculate r(10).
189
Let j(l) = l**3 - 12*l + 8. What is j(4)?
24
Let z(m) = 133*m + 1564. Determine z(-12).
-32
Let k(h) = -h**3 - 109*h**2 - 422*h - 260. Give k(-105).
-50
Let i(d) = d**2 + 68*d + 481. Determine i(-8).
1
Let r(j) = 2*j**2 - 136*j - 790. What is r(73)?
-60
Let s(m) = 31*m + 3182. Give s(-103).
-11
Let x(w) = 3*w**3 - 9*w**2 - 7*w - 11. Calculate x(5).
104
Let b(a) = 2*a**2 - 34*a - 79. Calculate b(21).
89
Let d(x) = -1758*x 